{"id":89,"date":"2020-03-05T14:36:53","date_gmt":"2020-03-05T13:36:53","guid":{"rendered":"http:\/\/apotheke-bh-bv.de\/?page_id=89"},"modified":"2025-09-22T19:21:34","modified_gmt":"2025-09-22T17:21:34","slug":"aktuelles","status":"publish","type":"page","link":"http:\/\/apotheke-bh-bv.de\/?page_id=89","title":{"rendered":"e-Rezept"},"content":{"rendered":"\n<p>Installieren Sie mit diesem QR-Code die<strong> gesund.de App.<\/strong><\/p>\n\n\n\n<p>Lassen Sie sich Ihr Rezept anzeigen, indem Sie die Gesundheitskarte an Ihr Handy halten, w\u00e4hrend die App ge\u00f6ffnet ist.<\/p>\n\n\n\n<p>Sie sehen Ihr Rezept und k\u00f6nnen es einfach an Ihre Stammapotheke weiterleiten.<\/p>\n\n\n<div class=\"wp-block-image\">\n<figure class=\"aligncenter size-full is-resized\"><a href=\"http:\/\/apotheke-bh-bv.de\/wp-20881-content\/uploads\/2022\/09\/copya301bad6-96b2-4782-ad75-7c77eea168f4-1.jpg\"><img loading=\"lazy\" decoding=\"async\" width=\"496\" height=\"496\" src=\"http:\/\/apotheke-bh-bv.de\/wp-20881-content\/uploads\/2022\/09\/copya301bad6-96b2-4782-ad75-7c77eea168f4-1.jpg\" alt=\"\" class=\"wp-image-550\" style=\"width:504px;height:auto\" srcset=\"http:\/\/apotheke-bh-bv.de\/wp-20881-content\/uploads\/2022\/09\/copya301bad6-96b2-4782-ad75-7c77eea168f4-1.jpg 496w, http:\/\/apotheke-bh-bv.de\/wp-20881-content\/uploads\/2022\/09\/copya301bad6-96b2-4782-ad75-7c77eea168f4-1-300x300.jpg 300w, http:\/\/apotheke-bh-bv.de\/wp-20881-content\/uploads\/2022\/09\/copya301bad6-96b2-4782-ad75-7c77eea168f4-1-150x150.jpg 150w\" sizes=\"auto, (max-width: 496px) 100vw, 496px\" \/><\/a><\/figure><\/div>\n\n\n<p>F\u00fcr Bestellungen freiverk\u00e4uflicher Produkte haben wir mit <strong>Zack und Da <\/strong>einen<strong> <\/strong>aktuellen Partner. Bestellen Sie einfach<a href=\"https:\/\/zackda.de\/5a83\"> <strong>hier<\/strong><\/a> und die Artikel werden von uns schon bereit gelegt. Ihr Papier-Rezept k\u00f6nnen Sie<strong> als Bild<\/strong> mit Zack und Da auch schon an uns schicken. Wir bereiten dann alles vor.<\/p>\n\n\n\n<div data-wp-interactive=\"core\/file\" class=\"wp-block-file\"><object data-wp-bind--hidden=\"!state.hasPdfPreview\" hidden class=\"wp-block-file__embed\" data=\"http:\/\/apotheke-bh-bv.de\/wp-20881-content\/uploads\/2022\/01\/Aushang-2.pdf\" type=\"application\/pdf\" style=\"width:100%;height:600px\" aria-label=\"Einbettung von Aushang-2.\"><\/object><a id=\"wp-block-file--media-a5f28fcd-7741-4cc0-9e49-9a95b0ead34a\" href=\"http:\/\/apotheke-bh-bv.de\/wp-20881-content\/uploads\/2022\/01\/Aushang-2.pdf\">Aushang-2<\/a><a href=\"http:\/\/apotheke-bh-bv.de\/wp-20881-content\/uploads\/2022\/01\/Aushang-2.pdf\" class=\"wp-block-file__button wp-element-button\" download aria-describedby=\"wp-block-file--media-a5f28fcd-7741-4cc0-9e49-9a95b0ead34a\">Herunterladen<\/a><\/div>\n\n\n\n<p><\/p>\n\n\n\n<p><strong>E-Rezept App der Gematik<\/strong><\/p>\n\n\n\n<p>Jetzt ist alles f\u00fcr das elektronische Rezept vorbereitet. Die Apotheke am Bahnhof verf\u00fcgt \u00fcber den Gematik-Ti-Anschlu\u00df. Damit endet in naher Zukunft die Epoche des rosafarbenen Rezeptes. Stattdessen erhalten Sie dann beim Arzt einen QR Code, mit dem Sie Medikamente in der Apotheke erhalten, oder sie nutzen Ihr Smartphone mit der Gematik-App  zum Verschicken des Rezeptes an uns. Dazu ben\u00f6tigen Sie eine GKV-Karte mit Rfid-Technik und eine Pin, die Sie bei Ihrer Krankenkasse erhalten k\u00f6nnen.<\/p>\n\n\n\n<p>Die Gematik-App f\u00fcr das Verschicken von Rezepten an die Apotheke finden Sie im Google-Store oder App Store  unter dem Begriff E-Rezept, Hersteller Gematik. Hier k\u00f6nnen Sie sich auch die e-rezeptf\u00e4higen Apotheken in Ihrer N\u00e4he anzeigen lassen.<\/p>\n\n\n\n<p>Idealerweise erhalten Sie beim Arzt anstelle des rosafarbenen Rezeptes den schwarzweiss oder rosa gedruckten Token (bis zu vier QR Codes, und die Medikamentennamen, Dosen und Mengen). Diesen k\u00f6nnen Sie in der Apotheke direkt abgeben oder aber per E-Rezept-App an Ihre Wunschapotheke verschicken.<\/p>\n\n\n\n<p>Sie k\u00f6nnen auch einfach Ihre Krankenkassenkarte in unser Terminal in der Apotheke stecken, dann wird ihr E-Rezept abgerufen und kann beliefert werden.<\/p>\n\n\n<p><!--StartFragment--><\/p>\n<p><!--EndFragment--><\/p>\n<p><!--StartFragment--><\/p>\n<p><!--EndFragment--><\/p>\n\n\n<p><\/p>\n","protected":false},"excerpt":{"rendered":"<p>Installieren Sie mit diesem QR-Code die gesund.de App. Lassen Sie sich Ihr Rezept anzeigen, indem Sie die Gesundheitskarte an Ihr Handy halten, w\u00e4hrend die App ge\u00f6ffnet ist. Sie sehen Ihr Rezept und k\u00f6nnen es einfach an Ihre Stammapotheke weiterleiten. F\u00fcr Bestellungen freiverk\u00e4uflicher Produkte haben wir mit Zack und Da einen aktuellen Partner. Bestellen Sie einfach &hellip; <a href=\"http:\/\/apotheke-bh-bv.de\/?page_id=89\" class=\"more-link\"><span class=\"screen-reader-text\">e-Rezept<\/span> weiterlesen <span class=\"meta-nav\">&rarr;<\/span><\/a><\/p>\n","protected":false},"author":1,"featured_media":0,"parent":7,"menu_order":3,"comment_status":"closed","ping_status":"closed","template":"","meta":{"footnotes":""},"class_list":["post-89","page","type-page","status-publish","hentry"],"_links":{"self":[{"href":"http:\/\/apotheke-bh-bv.de\/index.php?rest_route=\/wp\/v2\/pages\/89","targetHints":{"allow":["GET"]}}],"collection":[{"href":"http:\/\/apotheke-bh-bv.de\/index.php?rest_route=\/wp\/v2\/pages"}],"about":[{"href":"http:\/\/apotheke-bh-bv.de\/index.php?rest_route=\/wp\/v2\/types\/page"}],"author":[{"embeddable":true,"href":"http:\/\/apotheke-bh-bv.de\/index.php?rest_route=\/wp\/v2\/users\/1"}],"replies":[{"embeddable":true,"href":"http:\/\/apotheke-bh-bv.de\/index.php?rest_route=%2Fwp%2Fv2%2Fcomments&post=89"}],"version-history":[{"count":51,"href":"http:\/\/apotheke-bh-bv.de\/index.php?rest_route=\/wp\/v2\/pages\/89\/revisions"}],"predecessor-version":[{"id":555,"href":"http:\/\/apotheke-bh-bv.de\/index.php?rest_route=\/wp\/v2\/pages\/89\/revisions\/555"}],"up":[{"embeddable":true,"href":"http:\/\/apotheke-bh-bv.de\/index.php?rest_route=\/wp\/v2\/pages\/7"}],"wp:attachment":[{"href":"http:\/\/apotheke-bh-bv.de\/index.php?rest_route=%2Fwp%2Fv2%2Fmedia&parent=89"}],"curies":[{"name":"wp","href":"https:\/\/api.w.org\/{rel}","templated":true}]}}