{"id":20,"date":"2019-10-07T15:53:09","date_gmt":"2019-10-07T13:53:09","guid":{"rendered":"http:\/\/apotheke-bh-bv.de\/?page_id=20"},"modified":"2025-01-23T16:47:29","modified_gmt":"2025-01-23T15:47:29","slug":"datenschutzerklaerung","status":"publish","type":"page","link":"http:\/\/apotheke-bh-bv.de\/?page_id=20","title":{"rendered":"Datenschutzerkl\u00e4rung"},"content":{"rendered":"\n<h2 class=\"wp-block-heading\">Wer wir sind?<\/h2>\n\n\n\n<p>Die Adresse unserer Website ist: http:\/\/apotheke-bh-bv.de. Die lokalen Gesch\u00e4ftsdaten entnehmen Sie bitte unserem Impressum.<\/p>\n\n\n\n<h2 class=\"wp-block-heading\">Welche personenbezogenen Daten wir sammeln und warum wir sie sammeln<\/h2>\n\n\n\n<p>Wir sammeln keine personenbezogenen Daten. Wir verwenden selbst  keine Cookies, ver\u00f6ffentlichen keine Kommentare. Dementsprechend werden keine e-mail Adressen gespeichert oder verarbeitet. Das WordPress, das die technische Seite unserer Homepage ist, verwendet Cookies, die sie nach Besuch der Seite gerne wieder l\u00f6schen k\u00f6nnen. Beachten Sie daf\u00fcr Ihre Browser-Einstellung. Der verwendete Zeichensatz Google-Fonts kann Ihre augenblickliche IP-Adresse an Google \u00fcbermitteln. Das tut Google bei der Suche mit der Suchmaschine aber auch, weil sie sonst kein Suchergebnis erhalten k\u00f6nnen. Gemeinhin wechselt ihre IP Adresse je nach Provider alle 24 Stunden. Wer seine IP geheimhalten m\u00f6chte kann gerne den Thor-Browser verwenden.<\/p>\n\n\n\n<h4 class=\"wp-block-heading\">Eingebettete Inhalte von anderen Websites<\/h4>\n\n\n\n<p>Beitr\u00e4ge auf dieser Website k\u00f6nnen eingebettete Inhalte beinhalten (z.&nbsp;B. Videos, Bilder, Beitr\u00e4ge etc.). Eingebettete Inhalte von anderen Websites verhalten sich exakt so, als ob der Besucher die andere Website besucht h\u00e4tte.<\/p>\n\n\n\n<p>Diese Websites k\u00f6nnen Daten \u00fcber Sie sammeln, Cookies benutzen, zus\u00e4tzliche Tracking-Dienste von Dritten einbetten und Ihre Interaktion mit diesem eingebetteten Inhalt aufzeichnen, inklusive Ihrer Interaktion mit dem eingebetteten Inhalt, falls Sie ein Konto haben und auf dieser Website angemeldet sind.<\/p>\n\n\n\n<p>Da wir keine Daten Ihrerseits erheben, werden diese auch nicht gespeichert oder geteilt. <\/p>\n\n\n\n<h4 class=\"wp-block-heading\">Wie lange wir Ihre Daten speichern<\/h4>\n\n\n\n<p>Keine Daten, keine Speicherung<\/p>\n\n\n\n<h4 class=\"wp-block-heading\">e-mail-Verkehr<\/h4>\n\n\n\n<p>Wenn Sie uns eine e-mail schicken, werden wir diese Daten speichern, bis der dazugeh\u00f6rige Gesch\u00e4ftsvorgang abgewickelt ist.<\/p>\n\n\n\n<p>Speicherpflichten f\u00fcr die Steuerbeh\u00f6rden, Bundesopiumstelle etc. sind davon unber\u00fchrt.<\/p>\n\n\n\n<h2 class=\"wp-block-heading\">Whatsapp, Messenger-Dienste<\/h2>\n\n\n\n<p>Wenn Sie Whatsapp oder andere Messengerdienste (Facebook, Twitter etc.) verwenden, bedenken Sie bitte, dass die Server in den USA stehen und damit eine EU-datenschutzkonforme Verarbeitung dort nicht gew\u00e4hrleistet ist.<\/p>\n\n\n\n<p>Auch unser Partner<strong> Zack+Da <\/strong>speichert Daten, die f\u00fcr die Verarbeitung Ihrer Bestellung wichtig sind. Nach Abschluss des Verkaufes werden diese umgehend gel\u00f6scht. Der Datenspeicherung von Zack+Da stimmen Sie bei der Nutzung dieses Portals zu.<\/p>\n","protected":false},"excerpt":{"rendered":"<p>Wer wir sind? Die Adresse unserer Website ist: http:\/\/apotheke-bh-bv.de. Die lokalen Gesch\u00e4ftsdaten entnehmen Sie bitte unserem Impressum. Welche personenbezogenen Daten wir sammeln und warum wir sie sammeln Wir sammeln keine personenbezogenen Daten. Wir verwenden selbst keine Cookies, ver\u00f6ffentlichen keine Kommentare. Dementsprechend werden keine e-mail Adressen gespeichert oder verarbeitet. Das WordPress, das die technische Seite unserer &hellip; <a href=\"http:\/\/apotheke-bh-bv.de\/?page_id=20\" class=\"more-link\"><span class=\"screen-reader-text\">Datenschutzerkl\u00e4rung<\/span> weiterlesen <span class=\"meta-nav\">&rarr;<\/span><\/a><\/p>\n","protected":false},"author":1,"featured_media":0,"parent":7,"menu_order":9,"comment_status":"closed","ping_status":"closed","template":"","meta":{"footnotes":""},"class_list":["post-20","page","type-page","status-publish","hentry"],"_links":{"self":[{"href":"http:\/\/apotheke-bh-bv.de\/index.php?rest_route=\/wp\/v2\/pages\/20","targetHints":{"allow":["GET"]}}],"collection":[{"href":"http:\/\/apotheke-bh-bv.de\/index.php?rest_route=\/wp\/v2\/pages"}],"about":[{"href":"http:\/\/apotheke-bh-bv.de\/index.php?rest_route=\/wp\/v2\/types\/page"}],"author":[{"embeddable":true,"href":"http:\/\/apotheke-bh-bv.de\/index.php?rest_route=\/wp\/v2\/users\/1"}],"replies":[{"embeddable":true,"href":"http:\/\/apotheke-bh-bv.de\/index.php?rest_route=%2Fwp%2Fv2%2Fcomments&post=20"}],"version-history":[{"count":10,"href":"http:\/\/apotheke-bh-bv.de\/index.php?rest_route=\/wp\/v2\/pages\/20\/revisions"}],"predecessor-version":[{"id":532,"href":"http:\/\/apotheke-bh-bv.de\/index.php?rest_route=\/wp\/v2\/pages\/20\/revisions\/532"}],"up":[{"embeddable":true,"href":"http:\/\/apotheke-bh-bv.de\/index.php?rest_route=\/wp\/v2\/pages\/7"}],"wp:attachment":[{"href":"http:\/\/apotheke-bh-bv.de\/index.php?rest_route=%2Fwp%2Fv2%2Fmedia&parent=20"}],"curies":[{"name":"wp","href":"https:\/\/api.w.org\/{rel}","templated":true}]}}